inder when 3740 is divided by 48.
44
Calculate the remainder when 2355 is divided by 336.
3
Calculate the remainder when 5546 is divided by 38.
36
Calculate the remainder when 16 is divided by 8.
0
Calculate the remainder when 132 is divided by 60.
12
What is the remainder when 240 is divided by 27?
24
What is the remainder when 32205 is divided by 176?
173
What is the remainder when 4514 is divided by 15?
14
Calculate the remainder when 31406 is divided by 302.
300
Calculate the remainder when 1271 is divided by 16.
7
What is the remainder when 1385 is divided by 14?
13
What is the remainder when 514 is divided by 52?
46
Calculate the remainder when 4395 is divided by 25.
20
Calculate the remainder when 172 is divided by 45.
37
Calculate the remainder when 2338 is divided by 6.
4
What is the remainder when 309 is divided by 281?
28
What is the remainder when 34 is divided by 12?
10
What is the remainder when 6821 is divided by 175?
171
Calculate the remainder when 524 is divided by 482.
42
Calculate the remainder when 164 is divided by 6.
2
What is the remainder when 311 is divided by 90?
41
Calculate the remainder when 681 is divided by 169.
5
What is the remainder when 278 is divided by 1?
0
What is the remainder when 42 is divided by 9?
6
What is the remainder when 825 is divided by 136?
9
Calculate the remainder when 3338 is divided by 159.
158
What is the remainder when 3458 is divided by 173?
171
Calculate the remainder when 5696 is divided by 949.
2
Calculate the remainder when 2024 is divided by 1931.
93
What is the remainder when 5157 is divided by 58?
53
Calculate the remainder when 42 is divided by 41.
1
Calculate the remainder when 205 is divided by 55.
40
What is the remainder when 407 is divided by 76?
27
What is the remainder when 3881 is divided by 134?
129
Calculate the remainder when 279 is divided by 201.
78
Calculate the remainder when 1300 is divided by 6.
4
Calculate the remainder when 1200 is divided by 76.
60
Calculate the remainder when 2701 is divided by 16.
13
Calculate the remainder when 4137 is divided by 60.
57
Calculate the remainder when 81 is divided by 34.
13
What is the remainder when 21 is divided by 15?
6
What is the remainder when 1080 is divided by 214?
10
What is the remainder when 291 is divided by 31?
12
Calculate the remainder when 12 is divided by 8.
4
What is the remainder when 389 is divided by 27?
11
Calculate the remainder when 46275 is divided by 178.
173
What is the remainder when 1182 is divided by 15?
12
Calculate the remainder when 187 is divided by 27.
25
What is the remainder when 1415 is divided by 129?
125
Calculate the remainder when 109 is divided by 10.
9
What is the remainder when 10300 is divided by 17?
15
Calculate the remainder when 250 is divided by 17.
12
Calculate the remainder when 419 is divided by 30.
29
Calculate the remainder when 138 is divided by 69.
0
Calculate the remainder when 2012 is divided by 65.
62
Calculate the remainder when 103 is divided by 54.
49
What is the remainder when 1440 is divided by 14?
12
Calculate the remainder when 2333 is divided by 75.
8
What is the remainder when 10565 is divided by 18?
17
Calculate the remainder when 2200 is divided by 366.
4
What is the remainder when 298 is divided by 147?
4
Calculate the remainder when 130 is divided by 39.
13
What is the remainder when 176 is divided by 14?
8
Calculate the remainder when 169 is divided by 145.
24
What is the remainder when 405 is divided by 16?
5
What is the remainder when 126 is divided by 39?
9
Calculate the remainder when 131 is divided by 73.
58
What is the remainder when 526 is divided by 104?
6
Calculate the remainder when 478 is divided by 445.
33
What is the remainder when 376 is divided by 21?
19
Calculate the remainder when 61 is divided by 16.
13
What is the remainder when 245 is divided by 8?
5
What is the remainder when 680 is divided by 115?
105
What is the remainder when 89 is divided by 21?
5
Calculate the remainder when 1776 is divided by 294.
12
What is the remainder when 650 is divided by 50?
0
What is the remainder when 55 is divided by 21?
13
What is the remainder when 2176 is divided by 725?
1
What is the remainder when 4293 is divided by 113?
112
What is the remainder when 1187 is divided by 99?
98
Calculate the remainder when 242 is divided by 86.
70
What is the remainder when 3760 is divided by 19?
17
Calculate the remainder when 12 is divided by 2.
0
Calculate the remainder when 17 is divided by 7.
3
What is the remainder when 95 is divided by 34?
27
What is the remainder when 7 is divided by 5?
2
What is the remainder when 742 is divided by 28?
14
Calculate the remainder when 96 is divided by 42.
12
Calculate the remainder when 1532 is divided by 26.
24
What is the remainder when 383 is divided by 40?
23
What is the remainder when 654 is divided by 73?
70
What is the remainder when 18587 is divided by 22?
19
Calculate the remainder when 561 is divided by 17.
0
Calculate the remainder when 1802 is divided by 67.
60
What is the remainder when 85 is divided by 23?
16
Calculate the remainder when 398 is divided by 33.
2
What is the remainder when 212 is divided by 67?
11
What is the remainder when 1123 is divided by 74?
13
Calculate the remainder when 480 is divided by 458.
22
What is the remainder when 31 is divided by 22?
9
What is the remainder when 278 is divided by 31?
30
What is the remainder when 560 is divided by 52?
40
Calculate the remainder when 12 is divided by 2.
0
What is the remainder when 55 is divided by 29?
26
What is the remainder when 997 is divided by 160?
37
What is the remainder when 241 is divided by 7?
3
What is the remainder when 781 is divided by 87?
85
Calculate the remainder when 17 is divided by 4.
1
What is the remainder when 1163 is divided by 23?
13
What is the remainder when 902 is divided by 877?
25
Calculate the remainder when 4128 is divided by 72.
24
Calculate the remainder when 293 is divided by 5.
3
What is the remainder when 2511 is divided by 41?
10
What is the remainder when 2279 is divided by 20?
19
Calculate the remainder when 1650 is divided by 273.
12
What is the remainder when 274 is divided by 244?
30
What is the remainder when 55 is divided by 13?
3
What is the remainder when 401 is divided by 58?
53
Calculate the remainder when 203 is divided by 68.
67
What is the remainder when 238 is divided by 9?
4
Calculate the remainder when 2917 is divided by 485.
7
Calculate the remainder when 175 is divided by 35.
0
Calculate the remainder when 1274 is divided by 38.
20
What is the remainder when 48 is divided by 43?
5
Calculate the remainder when 468 is divided by 25.
18
What is the remainder when 136 is divided by 69?
67
What is the remainder when 161 is divided by 61?
39
What is the remainder when 904 is divided by 70?
64
Calculate the remainder when 584 is divided by 15.
14
What is the remainder when 632 is divided by 106?
102
Calculate the remainder when 501 is divided by 9.
6
Calculate the remainder when 247 is divided by 31.
30
Calculate the remainder when 768 is divided by 31.
24
Calculate the remainder when 693 is divided by 190.
123
Calculate the remainder when 1285 is divided by 192.
133
Calculate the remainder when 1447 is divided by 58.
55
Calculate the remainder when 216 is divided by 143.
73
Calculate the remainder when 11658 is divided by 343.
339
Calculate the remainder when 396 is divided by 43.
9
Calculate the remainder when 71 is divided by 39.
32
Calculate the remainder when 3104 is divided by 45.
44
What is the remainder when 57 is divided by 24?
9
Calculate the remainder when 251 is divided by 25.
1
Calculate the remainder when 349 is divided by 32.
29
Calculate the remainder when 329 is divided by 49.
35
What is the remainder when 102 is divided by 78?
24
Calculate the remainder when 221 is divided by 23.
14
Calculate the remainder when 3816 is divided by 11.
10
Calculate the remainder when 151 is divided by 41.
28
What is the remainder when 469 is divided by 110?
29
Calculate the remainder when 98 is divided by 19.
3
Calculate the remainder when 9157 is divided by 129.
127
What is the remainder when 4502 is divided by 265?
262
What is the remainder when 8128 is divided by 271?
269
What is the r